ppose -165 - 99 = -3*d. What is the greatest common factor of i and d?
22
Suppose 2*j + u = 199, 2*u = -5*j - 3*u + 495. Calculate the highest common factor of 75 and j.
25
Let n(v) = 79*v - 1. Let h be n(-1). Let d = 197 + h. Let a(p) = -p**3 + 2*p**2 + 2*p + 1. Let k be a(-2). Calculate the highest common factor of d and k.
13
Let h(x) = -3*x**3 + x**2 - 2*x. Let t be h(-3). Calculate the greatest common factor of t and 12.
12
Suppose -2*p - 372 = -5*p. Let w = p - 178. Let y be (1 + -3)*-1 - w. What is the greatest common divisor of 8 and y?
8
Suppose m - 3 + 1 = 0. Suppose -a + 8 = a. Suppose a*z - i - 7 = 16, -28 = -5*z + 2*i. Calculate the highest common divisor of z and m.
2
Let q be 3 + 1/(-4)*-4. Suppose l - 7 = -0*l + b, -3*b = -q*l + 30. What is the greatest common divisor of l and 18?
9
Suppose 2*h = -0*h + 12. Suppose -3*w - h = -4*w. Suppose 3*x = -5*p + 93, p + 2*p - x = 53. Calculate the greatest common factor of w and p.
6
Let y(b) = b**3 + 9*b**2 + 7*b. Let p be y(-7). What is the greatest common factor of 7 and p?
7
Suppose 4*c - 12 = -0*c. Suppose -t - 20 = 2*b - 4*b, -c*b + 2*t + 30 = 0. What is the greatest common divisor of 5 and b?
5
Let r be ((-4)/(-12))/(3/45). Suppose -i + 4*m + 7 = 0, -3*i + 3*m - 47 = -r*i. What is the greatest common factor of 95 and i?
19
Let f(n) = -n**2 + 3*n - 6. Let m be f(6). Let c be (-848)/m - 2/(-3). What is the greatest common factor of 9 and c?
9
Let c be 3 - (7 + -3) - -51. Calculate the greatest common factor of 25 and c.
25
Suppose f - 39 = -3*c, 2*f - 4*c + 140 = 7*f. What is the highest common factor of 216 and f?
24
Let g = -18 - -11. Let m = 0 + g. Let v be ((-16)/(-1))/(m - -8). What is the highest common factor of v and 2?
2
Let c(g) = g + 5. Let w = 0 + 0. Let t be c(w). What is the highest common divisor of 55 and t?
5
Let q be 5/(((-12)/52)/(-3)). What is the greatest common divisor of q and 26?
13
Suppose -2*s + 47 = -13. Let i be s/(-4)*60/(-25). Calculate the greatest common factor of 27 and i.
9
Let s = 83 + -58. Suppose 4*r - 63 = s. Calculate the greatest common factor of 44 and r.
22
Let p be -3 + 13 - -1*2. Let k be 99*(p/9 - 1). Suppose -13 = -f + 9. Calculate the greatest common divisor of f and k.
11
Let u be (21/12)/(1/(-4)). Let i = u - -4. Let x be 30/(i*(-1)/4). What is the highest common factor of x and 10?
10
Suppose -4*t + r + 0*r + 34 = 0, -3*r - 12 = -2*t. Suppose 4*g = -5*a + 299, g = -g - 2*a + 150. Let j = g - 40. Calculate the highest common factor of j and t.
9
Let f(s) = 2*s**3 + 21*s**2 + 11*s - 7. Let v be f(-8). What is the greatest common factor of 25 and v?
25
Let m = 3 + -5. Let x be (-39)/m*8/6. Suppose -4*c - 56 = -3*i, x = 3*i + 4*c - 2*c. Calculate the highest common divisor of 24 and i.
12
Let b be (-65 + 14)/(6/(-8)). What is the highest common factor of b and 340?
68
Let i = -11 + 16. Suppose 5*o - b - 256 + 35 = 0, 94 = 2*o + b. Calculate the greatest common factor of o and i.
5
Suppose -3*s + 4*s - 63 = -a, 2*s + 3*a = 127. Let i = s + 43. Calculate the highest common factor of 42 and i.
21
Let d = 3 - 2. Let g be (7/14)/(d/16). What is the highest common factor of g and 2?
2
Let r be (6/7)/((-3)/(-14)). Calculate the highest common divisor of r and 36.
4
Suppose -m + 8 = 3. Suppose 4*v + 5*k = -13, -m*v = -2*k - 2*k - 35. Let f(d) = -d**2 + 5*d - 2. Let t be f(v). What is the greatest common factor of t and 44?
4
Let t be 3/12 - 55/(-4). What is the highest common factor of t and 2?
2
Let q(l) = 5*l**3 - l**2 - l - 1. Let a be q(-1). Let p = -7 - a. Let g be p + 0 + 3 + 30. What is the highest common divisor of g and 8?
8
Let o(b) = -b**2 + 18. Suppose -3*q + 2 + 7 = 0. Suppose g + q = 2*k + k, g - 4*k + 4 = 0. Let z be o(g). Calculate the greatest common divisor of z and 72.
18
Suppose -4*n = v + 15 - 52, -2*v + n = -56. Suppose -3*f + 3*m - v = -8*f, -2*m = -5*f + 14. Calculate the greatest common divisor of f and 32.
4
Let s be 0/((-3)/(-1 + -2)). Let p = s - -1. Let b(q) = 55*q**3 + q**2 - q + 1. Let y be b(p). Calculate the highest common divisor of 8 and y.
8
Let h(a) = -18*a + 5*a**2 + 7 + 4 - 6*a**2. Suppose -5*w - 97 = -4*r - 22, -3*w = r + 28. Let l be h(w). What is the highest common factor of 11 and l?
11
Suppose 2*w + 3 = w. Let h be (-4 - -2) + 2 - w. Let i(j) = 4*j + 4. Let g be i(h). Calculate the greatest common factor of 8 and g.
8
Let k be (105/(-10))/(1/(-4)). Let g be (78/(-9))/((-1)/3). Let n be g/4 - (-2)/(-4). What is the highest common divisor of n and k?
6
Suppose 10*d - 12 = 6*d. What is the greatest common divisor of 9 and d?
3
Let x be -2 - (2 + -2 + -2). Let n = -16 - -17. Let k be 2 + x + 52 + n. What is the greatest common divisor of k and 5?
5
Let c = 29 - 12. What is the highest common divisor of c and 85?
17
Let z = 1 + 6. Let h(d) = 3*d + 3. Let a be h(-2). Let x be 84*(a/(-4) + 0). Calculate the greatest common factor of x and z.
7
Suppose 10 = 2*i + 24. Let m(s) = -6*s. Let g be m(i). What is the greatest common factor of g and 28?
14
Let s = 1 + 10. Let i(x) = -x - 11. Let d be i(-11). Let h(c) = -c**2 - c + 88. Let o be h(d). What is the greatest common divisor of s and o?
11
Let v(d) = -d**2 + 1. Let s be v(-3). Let z = s - -36. Let a(y) = y**2 + 14*y - 2. Let j be a(-18). Calculate the greatest common factor of j and z.
14
Let j be (0 - 2/(-4))/(27/1188). Calculate the highest common divisor of j and 110.
22
Suppose -3*c = -2*p + 1, -4*c = -p - c - 1. Let m(v) = p*v + 3 + v + 2*v. Let u be m(6). What is the greatest common divisor of 3 and u?
3
Let c(f) = 20*f**2 + 3*f - 2. Let d = -15 - -17. Let r be c(d). What is the greatest common divisor of 12 and r?
12
Let x = 162 - 100. Calculate the greatest common divisor of x and 93.
31
Let f(c) = -c + 13. Let j be f(12). Let v(a) = 84*a**3 + 1. Let y be v(j). Calculate the highest common divisor of y and 34.
17
Let k be (7/21)/((-2)/(-114)). What is the greatest common divisor of k and 209?
19
Let m(b) = -300*b**3 - 2*b + 1. Suppose 5*w - 9 = -4*g + 4, -2*w = -2*g + 2. Let j be m(w). Let n = -182 - j. What is the greatest common divisor of 17 and n?
17
Let l = 46 - 27. Let j(f) = f + 209. Let t be j(0). Calculate the highest common factor of t and l.
19
Let p = 6 - 16. Let r = 16 + p. What is the greatest common divisor of r and 54?
6
Let a(k) = -3*k + 1. Let v be a(-2). Suppose -14*m = -12*m - 28. What is the greatest common divisor of v and m?
7
Suppose -l + 7 = 5. Suppose -4*k + 3*k = -5*m + 103, -31 = -l*m - 3*k. Calculate the greatest common divisor of m and 4.
4
Suppose 2*t + 10 = r, -5*r - 12 = -4*t - 86. Calculate the highest common factor of r and 45.
9
Let m be 0/(-1) + -1 + 2. Let b(u) be the second derivative of 29*u**4/12 + u**3/6 + u. Let a be b(m). Calculate the highest common divisor of a and 10.
10
Let p be (-7)/((-14)/(-8)) + 132. What is the highest common divisor of p and 16?
16
Let b(r) = r + 16. Let p be b(-10). Let g(y) = y**3 - 7*y**2 + 8*y - 2. Let d be g(p). Calculate the highest common factor of d and 80.
10
Suppose 0*d = 2*d + 2. Let w be 2*(-1 + 2) - d. Suppose 40 = 3*b - w*s + 7, 0 = -3*b - 4*s + 12. Calculate the greatest common factor of 4 and b.
4
Let b(g) = -g**2 - 4*g + 2. Let v be b(-3). What is the greatest common factor of 25 and v?
5
Let t be 1*(2 + -3)*-13. Let o = -9 + t. What is the highest common factor of 28 and o?
4
Let r = 18 - 8. Suppose -2*g = -0*g - r. Suppose -2*x = -g*u + 495, -3*u + 2*x = -x - 297. What is the highest common divisor of u and 9?
9
Let t = -61 - -107. Let i be 136/12*2 - 1/(-3). What is the highest common factor of i and t?
23
Suppose 50 = 2*h + 2*d, -2*d + 4*d = 4*h - 76. Let x = -10 + h. Let n(m) = 15*m**3 - 4*m**2 + 3*m. Let w be n(2). What is the greatest common factor of w and x?
11
Let o be 214/(-6)*(6 + -3). Let z = o + 163. Calculate the greatest common factor of 14 and z.
14
Let s(k) = k - 2. Let g be s(4). Let v(l) = -l**g - 5 + 20*l + 1 - 12*l + 0*l**2. Let o be v(4). What is the highest common divisor of o and 12?
12
Let b be (-5)/2 + 1/2. Let n be b + ((-5)/(-1))/1. Suppose -8*f = -n*f - 1000. What is the highest common divisor of 25 and f?
25
Let t be (-9)/6*(-128)/12. What is the greatest common divisor of 64 and t?
16
Let w(o) = -o**3 - o**2 + o. Let j be w(-2).